{"id":2825,"date":"2016-05-26T10:37:39","date_gmt":"2016-05-26T08:37:39","guid":{"rendered":"http:\/\/www.legiornatedellaluce.it\/?page_id=2825"},"modified":"2016-05-30T16:13:10","modified_gmt":"2016-05-30T14:13:10","slug":"caterina-damico","status":"publish","type":"page","link":"http:\/\/www.legiornatedellaluce.it\/caterina-damico\/","title":{"rendered":"CATERINA D\u2019AMICO"},"content":{"rendered":"<p><strong>CATERINA D\u2019AMICO<\/strong><\/p>\n<p><a href=\"http:\/\/www.legiornatedellaluce.it\/wp-content\/uploads\/2016\/05\/caterina_damico.jpg\"><img loading=\"lazy\" decoding=\"async\" class=\"alignleft size-medium wp-image-2812\" src=\"http:\/\/www.legiornatedellaluce.it\/wp-content\/uploads\/2016\/05\/caterina_damico-300x300.jpg\" alt=\"caterina_d'amico\" width=\"300\" height=\"300\" srcset=\"http:\/\/www.legiornatedellaluce.it\/wp-content\/uploads\/2016\/05\/caterina_damico-300x300.jpg 300w, http:\/\/www.legiornatedellaluce.it\/wp-content\/uploads\/2016\/05\/caterina_damico-100x100.jpg 100w, http:\/\/www.legiornatedellaluce.it\/wp-content\/uploads\/2016\/05\/caterina_damico-150x150.jpg 150w, http:\/\/www.legiornatedellaluce.it\/wp-content\/uploads\/2016\/05\/caterina_damico.jpg 500w\" sizes=\"(max-width: 300px) 100vw, 300px\" \/><\/a>Caterina d&#8217;Amico, nata a Roma, \u00e8 Preside della Scuola Nazionale di Cinema.<br \/>\nOrganizzatrice teatrale, assistente alla regia, autrice di programmi televisivi, ha pubblicato saggi in riviste e volumi italiani e stranieri e diversi libri sulla messinscena teatrale, la moda e il costume. Dal 1976 a oggi ha ideato e allestito, in Italia e all&#8217;estero, quaranta mostre documentarie su temi inerenti alle arti dello spettacolo, curandone i cataloghi. Dal 1993 al 2000 \u00e8 stata Presidente dell&#8217;Associazione Europea di Scuole di Cinema e Televisione GEECT. Dal 1996 al 2000 ha collaborato con Martin Scorsese, in qualit\u00e0 di produttore associato, a tutte le fasi della realizzazione del documentario sulla storia del cinema italiano \u201cMy voyage to Italy\u201d. Dal 2000 al 2008 \u00e8 stata Presidente dell&#8217;Associazione Internazionale di Scuole di Cinema e Televisione CILECT. Dal 2007 al 2010 \u00e8 stata Amministratore Delegato di Rai Cinema. Attualmente \u00e8 il responsabile scientifico dell&#8217;Archivio Luchino Visconti, conservato presso la Fondazione Istituto Gramsci.<\/p>\n<p>&nbsp;<\/p>\n<p>&nbsp;<\/p>\n","protected":false},"excerpt":{"rendered":"<p>CATERINA D\u2019AMICO Caterina d&#8217;Amico, nata a Roma, \u00e8 Preside della Scuola Nazionale di Cinema. Organizzatrice teatrale, assistente alla regia, autrice [&hellip;]<\/p>\n","protected":false},"author":1,"featured_media":0,"parent":0,"menu_order":0,"comment_status":"open","ping_status":"open","template":"","meta":{"footnotes":""},"_links":{"self":[{"href":"http:\/\/www.legiornatedellaluce.it\/wp-json\/wp\/v2\/pages\/2825"}],"collection":[{"href":"http:\/\/www.legiornatedellaluce.it\/wp-json\/wp\/v2\/pages"}],"about":[{"href":"http:\/\/www.legiornatedellaluce.it\/wp-json\/wp\/v2\/types\/page"}],"author":[{"embeddable":true,"href":"http:\/\/www.legiornatedellaluce.it\/wp-json\/wp\/v2\/users\/1"}],"replies":[{"embeddable":true,"href":"http:\/\/www.legiornatedellaluce.it\/wp-json\/wp\/v2\/comments?post=2825"}],"version-history":[{"count":1,"href":"http:\/\/www.legiornatedellaluce.it\/wp-json\/wp\/v2\/pages\/2825\/revisions"}],"predecessor-version":[{"id":2826,"href":"http:\/\/www.legiornatedellaluce.it\/wp-json\/wp\/v2\/pages\/2825\/revisions\/2826"}],"wp:attachment":[{"href":"http:\/\/www.legiornatedellaluce.it\/wp-json\/wp\/v2\/media?parent=2825"}],"curies":[{"name":"wp","href":"https:\/\/api.w.org\/{rel}","templated":true}]}}